ppose -4*p = -v*p - 18. What is the highest common divisor of 99 and p?
9
Let b(p) = -p**3 - 9*p**2 - 3*p + 8. Let d be b(-9). Let r = d - 23. What is the greatest common factor of 18 and r?
6
Let s(p) = -5*p - 5. Let g be s(6). Let z = g - -119. Suppose 0 = -2*c - 5*o + 23 + 44, -2*o = 3*c - z. Calculate the greatest common divisor of 65 and c.
13
Let p be 6/(-2)*(9 + -84). Let m(c) = -2*c**3 + 3*c**2 + c - 1. Let j be m(-2). Calculate the greatest common divisor of p and j.
25
Let z = 13 - 17. Let o be 24/20*(-70)/z. Calculate the highest common factor of o and 42.
21
Let f(l) = l**2 + 4*l + 14. Let g be f(-4). Calculate the highest common divisor of g and 2.
2
Suppose -175 = 16*l - 5359. Calculate the highest common divisor of 12 and l.
12
Let t(p) = -8*p - 1. Let l be t(-1). Let n(s) = -s**3 - 3*s**2 - 3*s - 2. Let m be n(-5). What is the greatest common factor of l and m?
7
Let y(q) = -q**2 + 8*q - 3. Let c be (-105)/(-12) - (-2)/8. Let u = c - 3. Let p be y(u). What is the highest common factor of 9 and p?
9
Let s = -58 - -84. Suppose 0*k - 2*k - 3*d = -s, -2*k - 6 = -5*d. Calculate the greatest common factor of 63 and k.
7
Suppose -3 = -5*t + 2, -4*m + 2*t = -502. What is the highest common divisor of 18 and m?
18
Suppose -4*f + x = -55, 4*f - 11 - 38 = -x. Calculate the greatest common factor of f and 65.
13
Let d be -5*(-7)/((-70)/(-16)). Let w(o) = -o**2 + 5*o - 4. Let v be w(5). Let l be v/6*(-3)/2. What is the greatest common factor of d and l?
1
Let n(v) be the third derivative of -v**5/60 - 3*v**4/8 + v**3/3 + v**2. Let r be n(-9). Let x = 43 - 27. What is the greatest common factor of r and x?
2
Suppose n = 6*n + 5*m, -2*m = n + 3. Suppose 0 = -n*h + 4*h - c - 248, -4*c - 486 = -2*h. What is the greatest common divisor of h and 23?
23
Suppose -2*v + 172 = -w + 3*w, 460 = 5*w - v. Let q = 39 + -26. What is the greatest common divisor of q and w?
13
Let r = 11 + 12. Suppose -q + 106 = 5*c, -3*c + r = -q - 39. Calculate the greatest common factor of 7 and c.
7
Suppose -3*r = -3 + 42. Let q = r - -18. Suppose 16 = q*o - 59. What is the greatest common factor of 60 and o?
15
Let g be (-21)/(-2) + (-1)/(-2). Let f = 29 - g. Let a = 96 + -51. What is the highest common factor of a and f?
9
Let y be 5/(15/234) - 1. What is the highest common divisor of y and 11?
11
Suppose -23 - 17 = -4*a. Calculate the highest common factor of a and 70.
10
Let j(a) = a**2 + 6*a - 23. Let v be j(5). Calculate the highest common divisor of v and 32.
32
Let a be -1 - (-76 - -2 - 2). Suppose 54 = -0*q - 3*q. Let j be 4/q + 1904/63. Calculate the greatest common factor of j and a.
15
Suppose 2*t - 237 = 335. Calculate the greatest common divisor of t and 26.
26
Suppose 0 = -0*r - r - 3*y + 51, -2*y = -5*r + 170. Let h = -6 + 30. Calculate the highest common factor of h and r.
12
Let y be (-2)/(-5) - (-146)/10. Suppose 0 = 2*o + 4 + 14. Let m(g) = -g**2 - 10*g + 6. Let a be m(o). What is the greatest common factor of a and y?
15
Suppose 0 = -4*k - 4*o + 72, 3*k = 4*k - 5*o + 6. Calculate the greatest common factor of 112 and k.
14
Suppose s = -s + 4. Suppose -s*a = 3*a - 30. What is the highest common divisor of a and 54?
6
Let m = 12 - 4. What is the greatest common divisor of m and 40?
8
Let d = -48 - -80. Calculate the greatest common divisor of d and 48.
16
Let l be 4/6*(-2670)/20. Let g = l + 154. What is the greatest common factor of 26 and g?
13
Let v be (-4 - -5) + 0 + 27. Let s(d) be the third derivative of -d**6/8 - d**5/60 - d**2. Let i be s(-1). Calculate the highest common factor of i and v.
14
Let v(m) = -m + 7. Let o be v(-14). Suppose 19 + o = r. Calculate the greatest common factor of r and 10.
10
Suppose 0 = -2*l + l + 34. Suppose 0 = -0*h + 4*h - k - 209, 4*k = 5*h - 275. Calculate the greatest common factor of h and l.
17
Let j(b) = b**3 + 4*b**2 - 4*b - 4. Let u be j(-4). Calculate the greatest common divisor of 3 and u.
3
Let r be 42/7 + -2 + 0. What is the highest common divisor of 4 and r?
4
Suppose 5*r = 342 + 638. Calculate the highest common factor of r and 28.
28
Let b(q) = q**3 + 9*q**2 - 9*q + 12. Let a be b(-10). Suppose 0 = 6*f - a*f - 28. What is the greatest common divisor of f and 63?
7
Let q = -55 + 90. Let d(m) = -m**2 - 7*m + 2. Let s be d(-4). Calculate the highest common factor of q and s.
7
Let p = -6 + 121. What is the greatest common factor of 46 and p?
23
Let n = -16 + 28. Let g be (-10)/55 + (-35)/(-11). Calculate the highest common factor of n and g.
3
Let r(y) = y**3 + 3*y**2 + 3*y. Let j be r(-2). Let w be 15 + j + (2 - 3). What is the highest common factor of w and 108?
12
Let t(c) = -c**2 + 10*c + 9. Let j be t(9). Calculate the highest common factor of j and 144.
18
Suppose l = -5*z + 6, 5*l - 4*z + 39 = -47. Let u be (1 - l)*21/35. Let q(t) = -t**2 - 8*t - 4. Let k be q(-7). What is the greatest common factor of k and u?
3
Let t(o) = -10*o + 2. Let k be t(2). Let j = 38 + k. Calculate the highest common factor of j and 30.
10
Suppose -5*j = -180 - 60. What is the highest common divisor of 6 and j?
6
Let t be (3 - 0) + (-10 - 56). Let l = -34 - t. What is the highest common factor of 319 and l?
29
Let t be (35/(-10) - 1)/(6/(-16)). What is the highest common factor of 84 and t?
12
Let a be (-1)/3 + -7 + 259/21. Calculate the highest common factor of 25 and a.
5
Suppose -y - 168 = -5*r, -r + 39 = 2*y + 12. Calculate the greatest common divisor of 3 and r.
3
Suppose 0 = -2*n + 3 + 1. Let x(d) = 18*d - 2. Let i be x(n). Let k(l) = 8*l + 1. Let b be k(2). Calculate the highest common divisor of i and b.
17
Let w(j) be the first derivative of j**2/2 + 8*j + 1. Let k be w(0). Let m be (2 + -14)*(-22)/k. Calculate the greatest common divisor of m and 3.
3
Suppose 4 = -3*v + 76. What is the greatest common divisor of 60 and v?
12
Suppose 297 = 3*c - 2*m, 0 = -2*c + 4*m - m + 198. Calculate the highest common factor of c and 9.
9
Let x(j) = j - 1. Let o be x(9). Let v(w) = 6*w**2 + 2. Let l be v(3). What is the highest common divisor of o and l?
8
Let p = 59 + -38. What is the greatest common factor of 14 and p?
7
Let w be -66*(4/(-9) - (-8)/(-36)). What is the highest common factor of w and 11?
11
Let m(b) = b**2 - 5*b + 8. Let g be m(6). Let j = 29 - g. Calculate the highest common divisor of 15 and j.
15
Let d be ((-7)/3 - (-20)/(-30))*-111. What is the highest common factor of 37 and d?
37
Let k(b) = b**3 + 5*b**2 - 6*b + 27. Let h be k(-6). What is the greatest common divisor of 3 and h?
3
Let t be ((-12)/42)/((-2)/14). Suppose -t*s - 210 = -5*s. Let o(k) = -k**2 - 8*k + 7. Let x be o(-7). Calculate the greatest common divisor of s and x.
14
Let g(l) = l**3 - 11*l**2 + 12. Let r be g(11). What is the highest common factor of 108 and r?
12
Let z(h) = -8*h - 52. Let l be z(-12). Calculate the greatest common divisor of 4 and l.
4
Let v = 6 - 0. Suppose 4*j + 2 = v*j. What is the greatest common divisor of j and 2?
1
Let y = 89 - 62. Calculate the greatest common factor of y and 18.
9
Let o = 45 + -5. What is the highest common divisor of 10 and o?
10
Let l(t) = t**2 - 7*t + 10. Let i be l(7). Calculate the highest common factor of i and 10.
10
Suppose n - 9*n = -128. Calculate the highest common factor of n and 32.
16
Let g be 1/(-3)*(-54)/3. Let r(u) = u - 5. Let s be r(g). Calculate the greatest common factor of 9 and s.
1
Let t = -14 + 35. Suppose 2*r - 221 = -t. What is the highest common divisor of r and 40?
20
Suppose 0 = 3*u - 23 - 31. Let f = u - 6. Calculate the highest common divisor of f and 132.
12
Let g = -4 + 15. Suppose g - 1 = 5*y. What is the highest common factor of 18 and y?
2
Suppose -5*t - 3*h + 410 = 0, -73 = -4*t + 5*h + 255. Let b = 26 - -20. Let m = t - b. What is the highest common divisor of 9 and m?
9
Let u = 43 - 21. Calculate the highest common divisor of 22 and u.
22
Suppose -5*p + g - 3*g = -70, 0 = 2*g + 10. Calculate the highest common divisor of p and 16.
16
Suppose 2*i - 370 = -2*g, 3*i - 532 = -2*g - 159. Calculate the greatest common factor of g and 26.
26
Let s be 2754/136 - (-10)/(-8). Calculate the highest common factor of s and 152.
19
Suppose c + 2*d - 5 = d, 8 = -2*d. Let y be 3/6 + 2/4. What is the highest common factor of y and c?
1
Suppose -2*a + f = 3, 5*a + 2*f